{"id":760,"date":"2018-08-31T15:14:37","date_gmt":"2018-08-31T18:14:37","guid":{"rendered":"https:\/\/ies6001-sal.infd.edu.ar\/sitio\/noticias-del-instituto\/"},"modified":"2020-12-09T20:31:32","modified_gmt":"2020-12-09T23:31:32","slug":"noticias-del-instituto","status":"publish","type":"page","link":"https:\/\/ies6001-sal.infd.edu.ar\/sitio\/noticias-del-instituto\/","title":{"rendered":"Noticias del Instituto"},"content":{"rendered":"<p style=\"text-align: center;\">\u00a0<span style=\"font-size: 10pt; font-family: tahoma,arial,helvetica,sans-serif;\">I.E.S. N\u00b0 6001 \u201cEscuela Normal\u201d<\/span><\/p>\n<p style=\"text-align: center;\"><span style=\"font-size: 10pt; font-family: tahoma,arial,helvetica,sans-serif;\">Mitre 767<\/span><\/p>\n<p><span style=\"font-size: 10pt; font-family: tahoma,arial,helvetica,sans-serif;\"><strong>Te ofrece las siguientes carreras:<\/strong><\/span><\/p>\n<ul>\n<li><span style=\"font-size: 10pt; font-family: tahoma,arial,helvetica,sans-serif;\">Profesorado en Ense\u00f1anza primaria -4 a\u00f1os- cupos limitados.<\/span><\/li>\n<li><span style=\"font-size: 10pt; font-family: tahoma,arial,helvetica,sans-serif;\">Profesorado de Educaci\u00f3n Secundaria en Ciencia Pol\u00edtica -4 a\u00f1os-<\/span><\/li>\n<li><span style=\"font-size: 10pt; font-family: tahoma,arial,helvetica,sans-serif;\">Profesorado de Educaci\u00f3n Secundaria en Tecnolog\u00eda -4 a\u00f1os-<\/span><\/li>\n<li><span style=\"font-size: 10pt; font-family: tahoma,arial,helvetica,sans-serif;\">T\u00e9cnicatura Superior en Bibliotecolog\u00eda y Ciencias de la Informaci\u00f3n -3 a\u00f1os-<\/span><\/li>\n<li><span style=\"font-size: 10pt; font-family: tahoma,arial,helvetica,sans-serif;\">Tecnicatura en mantenimiento y soporte inform\u00e1tico -3 a\u00f1os- Ext. \u00c1ulica de Barrio Jes\u00fas Mar\u00eda (Veteranos de Malvinas y Ampascachi)<\/span><\/li>\n<\/ul>\n<p>&nbsp;<\/p>\n<p style=\"text-align: center;\">\n","protected":false},"excerpt":{"rendered":"<p>\u00a0I.E.S. N\u00b0 6001 \u201cEscuela Normal\u201d Mitre 767 Te ofrece las siguientes carreras: Profesorado en Ense\u00f1anza primaria -4 a\u00f1os- cupos limitados. Profesorado de Educaci\u00f3n Secundaria en Ciencia Pol\u00edtica -4 a\u00f1os- Profesorado de Educaci\u00f3n Secundaria en Tecnolog\u00eda -4 a\u00f1os- T\u00e9cnicatura Superior en Bibliotecolog\u00eda y Ciencias de la Informaci\u00f3n -3 a\u00f1os- Tecnicatura en mantenimiento y soporte inform\u00e1tico -3 &#8230; <a title=\"Noticias del Instituto\" class=\"read-more\" href=\"https:\/\/ies6001-sal.infd.edu.ar\/sitio\/noticias-del-instituto\/\" aria-label=\"More on Noticias del Instituto\">[+]<\/a><\/p>\n","protected":false},"author":395,"featured_media":0,"parent":0,"menu_order":0,"comment_status":"closed","ping_status":"closed","template":"","meta":[],"acf":[],"_links":{"self":[{"href":"https:\/\/ies6001-sal.infd.edu.ar\/sitio\/wp-json\/wp\/v2\/pages\/760"}],"collection":[{"href":"https:\/\/ies6001-sal.infd.edu.ar\/sitio\/wp-json\/wp\/v2\/pages"}],"about":[{"href":"https:\/\/ies6001-sal.infd.edu.ar\/sitio\/wp-json\/wp\/v2\/types\/page"}],"author":[{"embeddable":true,"href":"https:\/\/ies6001-sal.infd.edu.ar\/sitio\/wp-json\/wp\/v2\/users\/395"}],"replies":[{"embeddable":true,"href":"https:\/\/ies6001-sal.infd.edu.ar\/sitio\/wp-json\/wp\/v2\/comments?post=760"}],"version-history":[{"count":1,"href":"https:\/\/ies6001-sal.infd.edu.ar\/sitio\/wp-json\/wp\/v2\/pages\/760\/revisions"}],"predecessor-version":[{"id":900,"href":"https:\/\/ies6001-sal.infd.edu.ar\/sitio\/wp-json\/wp\/v2\/pages\/760\/revisions\/900"}],"wp:attachment":[{"href":"https:\/\/ies6001-sal.infd.edu.ar\/sitio\/wp-json\/wp\/v2\/media?parent=760"}],"curies":[{"name":"wp","href":"https:\/\/api.w.org\/{rel}","templated":true}]}}